t is the thousands digit of 82754?
2
What is the hundreds digit of 13288419?
4
What is the hundreds digit of 78611?
6
What is the hundreds digit of 203420?
4
What is the tens digit of 674929?
2
What is the tens digit of 1814594?
9
What is the units digit of 20504399?
9
What is the ten thousands digit of 178274?
7
What is the thousands digit of 232852?
2
What is the hundreds digit of 1809944?
9
What is the tens digit of 5443?
4
What is the hundred thousands digit of 969165?
9
What is the ten thousands digit of 37279641?
7
What is the hundred thousands digit of 516864?
5
What is the ten thousands digit of 9357072?
5
What is the units digit of 24344815?
5
What is the ten thousands digit of 671125?
7
What is the tens digit of 686762?
6
What is the tens digit of 9810501?
0
What is the thousands digit of 31222020?
2
What is the hundred thousands digit of 11605101?
6
What is the ten thousands digit of 3271283?
7
What is the thousands digit of 192490?
2
What is the hundreds digit of 6476864?
8
What is the units digit of 574088?
8
What is the thousands digit of 122829?
2
What is the units digit of 27031610?
0
What is the thousands digit of 120939?
0
What is the tens digit of 1600150?
5
What is the thousands digit of 8434007?
4
What is the millions digit of 2430203?
2
What is the hundred thousands digit of 694718?
6
What is the hundred thousands digit of 2180822?
1
What is the tens digit of 398150?
5
What is the hundred thousands digit of 156453?
1
What is the hundred thousands digit of 758776?
7
What is the hundreds digit of 382283?
2
What is the units digit of 19370882?
2
What is the units digit of 405246?
6
What is the hundreds digit of 1727762?
7
What is the thousands digit of 328581?
8
What is the units digit of 13432437?
7
What is the millions digit of 1058265?
1
What is the hundreds digit of 5600483?
4
What is the hundreds digit of 2023592?
5
What is the tens digit of 501851?
5
What is the ten thousands digit of 350408?
5
What is the ten thousands digit of 29973?
2
What is the units digit of 11260379?
9
What is the millions digit of 4454330?
4
What is the tens digit of 189255?
5
What is the tens digit of 4569625?
2
What is the hundred thousands digit of 1927188?
9
What is the hundred thousands digit of 2619211?
6
What is the ten thousands digit of 6509439?
0
What is the hundred thousands digit of 186764?
1
What is the hundred thousands digit of 6012518?
0
What is the thousands digit of 29149436?
9
What is the hundreds digit of 431056?
0
What is the thousands digit of 2410337?
0
What is the units digit of 2480794?
4
What is the tens digit of 8167?
6
What is the ten thousands digit of 298367?
9
What is the hundreds digit of 3147898?
8
What is the millions digit of 2866734?
2
What is the ten thousands digit of 341188?
4
What is the hundreds digit of 3351872?
8
What is the hundred thousands digit of 4220255?
2
What is the hundred thousands digit of 1787366?
7
What is the ten thousands digit of 767688?
6
What is the millions digit of 1024340?
1
What is the millions digit of 3822826?
3
What is the hundred thousands digit of 714915?
7
What is the ten thousands digit of 6585233?
8
What is the units digit of 6096992?
2
What is the hundred thousands digit of 7773673?
7
What is the tens digit of 10266370?
7
What is the hundred thousands digit of 175711?
1
What is the thousands digit of 1342345?
2
What is the hundred thousands digit of 742321?
7
What is the hundreds digit of 237230?
2
What is the thousands digit of 33200175?
0
What is the tens digit of 578636?
3
What is the thousands digit of 10454958?
4
What is the units digit of 2164406?
6
What is the ten thousands digit of 400007?
0
What is the hundred thousands digit of 6093061?
0
What is the hundred thousands digit of 1276242?
2
What is the tens digit of 177547?
4
What is the units digit of 750057?
7
What is the millions digit of 1482461?
1
What is the units digit of 794387?
7
What is the units digit of 335961?
1
What is the ten thousands digit of 226329?
2
What is the thousands digit of 2942585?
2
What is the ten thousands digit of 30915?
3
What is the ten thousands digit of 237713?
3
What is the units digit of 507014?
4
What is the thousands digit of 12983?
2
What is the ten thousands digit of 9252909?
5
What is the millions digit of 11462086?
1
What is the thousands digit of 119780?
9
What is the tens digit of 224905?
0
What is the ten thousands digit of 217826?
1
What is the millions digit of 4497574?
4
What is the hundred thousands digit of 1239175?
2
What is the ten thousands digit of 314968?
1
What is the thousands digit of 7244506?
4
What is the hundreds digit of 1650235?
2
What is the hundreds digit of 527206?
2
What is the hundreds digit of 554680?
6
What is the ten thousands digit of 265036?
6
What is the hundreds digit of 513103?
1
What is the tens digit of 14391269?
6
What is the thousands digit of 717188?
7
What is the hundreds digit of 23721?
7
What is the hundreds digit of 17819651?
6
What is the millions digit of 1582924?
1
What is the hundreds digit of 324653?
6
What is the hundred thousands digit of 396589?
3
What is the ten thousands digit of 275232?
7
What is the tens digit of 770751?
5
What is the thousands digit of 509652?
9
What is the tens digit of 63157?
5
What is the thousands digit of 407161?
7
What is the tens digit of 23323?
2
What is the hundreds digit of 226301?
3
What is the hundred thousands digit of 641606?
6
What is the tens digit of 6364554?
5
What is the units digit of 6160465?
5
What is the ten thousands digit of 1079197?
7
What is the tens digit of 140703?
0
What is the thousands digit of 566801?
6
What is the thousands digit of 43665?
3
What is the units digit of 45350?
0
What is the ten thousands digit of 5318832?
1
What is the hundred thousands digit of 3891832?
8
What is the hundred thousands digit of 445664?
4
What is the tens digit of 1647538?
3
What is the ten thousands digit of 2326033?
2
What is the tens digit of 517807?
0
What is the millions digit of 2033058?
2
What is the ten thousands digit of 4776371?
7
What is the thousands digit of 5665797?
5
What is the hundred thousands digit of 1997153?
9
What is the hundreds digit of 13305?
3
What is the thousands digit of 96016?
6
What is the hundreds digit of 1244324?
3
What is the ten thousands digit of 17308433?
0
What is the units digit of 2823713?
3
What is the tens digit of 674396?
9
What is the tens digit of 1395659?
5
What is the hundred thousands digit of 874065?
8
What is the hundred thousands digit of 1635325?
6
What is the hundreds digit of 3060851?
8
What is the units digit of 4789384?
4
What is the millions digit of 18411243?
8
What is the hundreds digit of 5054793?
7
What is the millions digit of 4534516?
4
What is the tens digit of 1287818?
1
What is the thousands digit of 704525?
4
What is the hundreds digit of 1260066?
0
What is the tens digit of 249254?
5
What is the hundred thousands digit of 1062462?
0
What is the units digit of 1203994?
4
What is the hundreds digit of 1153114?
1
What is the ten millions digit of 13645170?
1
What is the hundreds digit of 66837?
8
What is the tens digit of 664545?
4
What is the thousands digit of 148561?
8
What is the hundreds digit of 33874966?
9
What is the millions digit of 1276973?
1
What is the hundred thousands digit of 30702718?
7
What is the tens digit of 1078472?
7
What is the millions digit of 3957439?
3
What is the tens digit of 116698?
9
What is the units digit of 172270?
0
What is the thousands digit of 516941?
6
What is the hundreds digit of 1054169?
1
What is the thousands digit of 215430?
5
What is the ten thousands digit of 786175?
8
What is the ten thousands digit of 1107992?
0
What is the ten thousands digit of 300998?
0
What is the hundred thousands digit of 351699?
3
What is the ten thousands digit of 880487?
8
What is the hundred thousands digit of 5967402?
9
What is the tens digit of 3687322?
2
What is the ten thousands digit of 2969826?
6
What is the units digit of 118072?
2
What is the hundred thousands digit of 4642993?
6
What is the millions digit of 3341614?
3
What is the thousands digit of 98997?
8
What is the units digit of 10827327?
7
What is the units digit of 3492800?
0
What is the hundred thousands digit of 128621?
1
W